{"id":17,"date":"2021-06-12T06:28:48","date_gmt":"2021-06-12T06:28:48","guid":{"rendered":"https:\/\/dorratexplus-com.preview-domain.com\/?page_id=17"},"modified":"2025-04-09T15:55:43","modified_gmt":"2025-04-09T13:55:43","slug":"contact-us","status":"publish","type":"page","link":"https:\/\/dorratexplus.com\/?page_id=17","title":{"rendered":"Contact Us"},"content":{"rendered":"\t\t<div data-elementor-type=\"wp-page\" data-elementor-id=\"17\" class=\"elementor elementor-17\">\n\t\t\t\t\t\t<section class=\"elementor-section elementor-top-section elementor-element elementor-element-2e7b752c elementor-section-boxed elementor-section-height-default elementor-section-height-default\" data-id=\"2e7b752c\" data-element_type=\"section\" data-e-type=\"section\">\n\t\t\t\t\t\t<div class=\"elementor-container elementor-column-gap-default\">\n\t\t\t\t\t<div class=\"elementor-column elementor-col-100 elementor-top-column elementor-element elementor-element-a2f3c02\" data-id=\"a2f3c02\" data-element_type=\"column\" data-e-type=\"column\">\n\t\t\t<div class=\"elementor-widget-wrap elementor-element-populated\">\n\t\t\t\t\t\t<div class=\"elementor-element elementor-element-35d796e elementor-widget elementor-widget-text-editor\" data-id=\"35d796e\" data-element_type=\"widget\" data-e-type=\"widget\" data-widget_type=\"text-editor.default\">\n\t\t\t\t<div class=\"elementor-widget-container\">\n\t\t\t\t\t\t\t\t\t<h1>\u00a0<\/h1><h1>\u00a0<\/h1><h1>\u00a0<\/h1><h1>Contact<\/h1><p>\u00a0<\/p><h6>Get In Touch<\/h6><h2><br \/>contactez nous<\/h2><p><div class=\"wpforms-container \" id=\"wpforms-8\"><form id=\"wpforms-form-8\" class=\"wpforms-validate wpforms-form\" data-formid=\"8\" method=\"post\" enctype=\"multipart\/form-data\" action=\"\/index.php?rest_route=%2Fwp%2Fv2%2Fpages%2F17\" data-token=\"86f61d6ee5942173ed6248bd8f049647\" data-token-time=\"1776769677\"><noscript class=\"wpforms-error-noscript\">Veuillez activer JavaScript dans votre navigateur pour remplir ce formulaire.<\/noscript><div class=\"wpforms-field-container\"><div id=\"wpforms-8-field_0-container\" class=\"wpforms-field wpforms-field-name\" data-field-id=\"0\"><label class=\"wpforms-field-label wpforms-label-hide\" for=\"wpforms-8-field_0\">Name <span class=\"wpforms-required-label\">*<\/span><\/label><input type=\"text\" id=\"wpforms-8-field_0\" class=\"wpforms-field-large wpforms-field-required\" name=\"wpforms[fields][0]\" placeholder=\"Enter your full name\" required><\/div>\t\t<div id=\"wpforms-8-field_1-container\"\n\t\t\tclass=\"wpforms-field wpforms-field-text\"\n\t\t\tdata-field-type=\"text\"\n\t\t\tdata-field-id=\"1\"\n\t\t\t>\n\t\t\t<label class=\"wpforms-field-label\" for=\"wpforms-8-field_1\" >Name Text Line<\/label>\n\t\t\t<input type=\"text\" id=\"wpforms-8-field_1\" class=\"wpforms-field-medium\" name=\"wpforms[fields][1]\" >\n\t\t<\/div>\n\t\t<div id=\"wpforms-8-field_8-container\" class=\"wpforms-field wpforms-field-text\" data-field-id=\"8\"><label class=\"wpforms-field-label wpforms-label-hide\" for=\"wpforms-8-field_8\">Single Line Text<\/label><input type=\"text\" id=\"wpforms-8-field_8\" class=\"wpforms-field-large\" name=\"wpforms[fields][8]\" placeholder=\"Phone number\" ><\/div><div id=\"wpforms-8-field_7-container\" class=\"wpforms-field wpforms-field-email\" data-field-id=\"7\"><label class=\"wpforms-field-label wpforms-label-hide\" for=\"wpforms-8-field_7\">Email <span class=\"wpforms-required-label\">*<\/span><\/label><input type=\"email\" id=\"wpforms-8-field_7\" class=\"wpforms-field-large wpforms-field-required\" name=\"wpforms[fields][7]\" placeholder=\"Your email\" spellcheck=\"false\" required><\/div><div id=\"wpforms-8-field_5-container\" class=\"wpforms-field wpforms-field-text\" data-field-id=\"5\"><label class=\"wpforms-field-label wpforms-label-hide\" for=\"wpforms-8-field_5\">Single Line Text<\/label><input type=\"text\" id=\"wpforms-8-field_5\" class=\"wpforms-field-large\" name=\"wpforms[fields][5]\" placeholder=\"Service Description\" ><\/div><div id=\"wpforms-8-field_2-container\" class=\"wpforms-field wpforms-field-textarea\" data-field-id=\"2\"><label class=\"wpforms-field-label wpforms-label-hide\" for=\"wpforms-8-field_2\">Comment or Message <span class=\"wpforms-required-label\">*<\/span><\/label><textarea id=\"wpforms-8-field_2\" class=\"wpforms-field-medium wpforms-field-required\" name=\"wpforms[fields][2]\" placeholder=\"Message\" required><\/textarea><\/div><script>\n\t\t\t\t( function() {\n\t\t\t\t\tconst style = document.createElement( 'style' );\n\t\t\t\t\tstyle.appendChild( document.createTextNode( '#wpforms-8-field_1-container { position: absolute !important; overflow: hidden !important; display: inline !important; height: 1px !important; width: 1px !important; z-index: -1000 !important; padding: 0 !important; } #wpforms-8-field_1-container input { visibility: hidden; } #wpforms-conversational-form-page #wpforms-8-field_1-container label { counter-increment: none; }' ) );\n\t\t\t\t\tdocument.head.appendChild( style );\n\t\t\t\t\tdocument.currentScript?.remove();\n\t\t\t\t} )();\n\t\t\t<\/script><\/div><!-- .wpforms-field-container --><div class=\"wpforms-submit-container\" ><input type=\"hidden\" name=\"wpforms[id]\" value=\"8\"><input type=\"hidden\" name=\"page_title\" value=\"\"><input type=\"hidden\" name=\"page_url\" value=\"https:\/\/dorratexplus.com\/index.php?rest_route=\/wp\/v2\/pages\/17\"><input type=\"hidden\" name=\"url_referer\" value=\"\"><button type=\"submit\" name=\"wpforms[submit]\" id=\"wpforms-submit-8\" class=\"wpforms-submit\" data-alt-text=\"Sending...\" data-submit-text=\"GET A FREE QUOTE\" aria-live=\"assertive\" value=\"wpforms-submit\">GET A FREE QUOTE<\/button><\/div><\/form><\/div>  <!-- .wpforms-container --><\/p><h6>ADRESSE :<\/h6><h6>Tunisie-monastir<\/h6><p>Teboulba &#8211; 5080-<\/p><h6>TEL :<\/h6><h6>+21650756690<\/h6><p>lundi &#8211; samedi : 08am &#8211; 07pm<\/p><h6>E-Mail<\/h6><p><b><span style=\"background-color: #ffffff; color: #1d1e20; font-family: 'DM Sans', Roboto, sans-serif; font-size: 14px; text-wrap-mode: nowrap;\">contact@dorratexplus.com<\/span><\/b><\/p>\t\t\t\t\t\t\t\t<\/div>\n\t\t\t\t<\/div>\n\t\t\t\t\t<\/div>\n\t\t<\/div>\n\t\t\t\t\t<\/div>\n\t\t<\/section>\n\t\t\t\t<\/div>\n\t\t","protected":false},"excerpt":{"rendered":"<p>\u00a0 \u00a0 \u00a0 Contact \u00a0 Get In Touch contactez nous ADRESSE : Tunisie-monastir Teboulba &#8211; 5080- TEL : +21650756690 lundi &#8211; samedi : 08am &#8211; 07pm E-Mail contact@dorratexplus.com<\/p>\n","protected":false},"author":1,"featured_media":6,"parent":0,"menu_order":0,"comment_status":"closed","ping_status":"closed","template":"","meta":{"site-sidebar-layout":"no-sidebar","site-content-layout":"page-builder","ast-site-content-layout":"default","site-content-style":"default","site-sidebar-style":"default","ast-global-header-display":"","ast-banner-title-visibility":"","ast-main-header-display":"","ast-hfb-above-header-display":"","ast-hfb-below-header-display":"","ast-hfb-mobile-header-display":"","site-post-title":"disabled","ast-breadcrumbs-content":"disabled","ast-featured-img":"disabled","footer-sml-layout":"","theme-transparent-header-meta":"enabled","adv-header-id-meta":"","stick-header-meta":"","header-above-stick-meta":"","header-main-stick-meta":"","header-below-stick-meta":"","astra-migrate-meta-layouts":"default","ast-page-background-enabled":"default","ast-page-background-meta":{"desktop":{"background-color":"","background-image":"","background-repeat":"repeat","background-position":"center center","background-size":"auto","background-attachment":"scroll","background-type":"","background-media":"","overlay-type":"","overlay-color":"","overlay-opacity":"","overlay-gradient":""},"tablet":{"background-color":"","background-image":"","background-repeat":"repeat","background-position":"center center","background-size":"auto","background-attachment":"scroll","background-type":"","background-media":"","overlay-type":"","overlay-color":"","overlay-opacity":"","overlay-gradient":""},"mobile":{"background-color":"","background-image":"","background-repeat":"repeat","background-position":"center center","background-size":"auto","background-attachment":"scroll","background-type":"","background-media":"","overlay-type":"","overlay-color":"","overlay-opacity":"","overlay-gradient":""}},"ast-content-background-meta":{"desktop":{"background-color":"var(--ast-global-color-5)","background-image":"","background-repeat":"repeat","background-position":"center center","background-size":"auto","background-attachment":"scroll","background-type":"","background-media":"","overlay-type":"","overlay-color":"","overlay-opacity":"","overlay-gradient":""},"tablet":{"background-color":"var(--ast-global-color-5)","background-image":"","background-repeat":"repeat","background-position":"center center","background-size":"auto","background-attachment":"scroll","background-type":"","background-media":"","overlay-type":"","overlay-color":"","overlay-opacity":"","overlay-gradient":""},"mobile":{"background-color":"var(--ast-global-color-5)","background-image":"","background-repeat":"repeat","background-position":"center center","background-size":"auto","background-attachment":"scroll","background-type":"","background-media":"","overlay-type":"","overlay-color":"","overlay-opacity":"","overlay-gradient":""}},"footnotes":""},"class_list":["post-17","page","type-page","status-publish","has-post-thumbnail","hentry"],"yoast_head":"<!-- This site is optimized with the Yoast SEO plugin v26.8 - https:\/\/yoast.com\/product\/yoast-seo-wordpress\/ -->\n<title>Contact Us - dorratexplus<\/title>\n<meta name=\"description\" content=\"contactez-nous D\u00e9couvrez la plateforme dorratexplus. aider les pros du textile \u00e0 relocaliser leurs petites s\u00e9ries et grande quantit\u00e9\" \/>\n<meta name=\"robots\" content=\"index, follow, max-snippet:-1, max-image-preview:large, max-video-preview:-1\" \/>\n<link rel=\"canonical\" href=\"https:\/\/dorratexplus.com\/?page_id=17\" \/>\n<meta property=\"og:locale\" content=\"fr_FR\" \/>\n<meta property=\"og:type\" content=\"article\" \/>\n<meta property=\"og:title\" content=\"Contact Us - dorratexplus\" \/>\n<meta property=\"og:description\" content=\"contactez-nous D\u00e9couvrez la plateforme dorratexplus. aider les pros du textile \u00e0 relocaliser leurs petites s\u00e9ries et grande quantit\u00e9\" \/>\n<meta property=\"og:url\" content=\"https:\/\/dorratexplus.com\/?page_id=17\" \/>\n<meta property=\"og:site_name\" content=\"dorratexplus\" \/>\n<meta property=\"article:modified_time\" content=\"2025-04-09T13:55:43+00:00\" \/>\n<meta property=\"og:image\" content=\"https:\/\/dorratexplus.com\/wp-content\/uploads\/2023\/02\/d-2.png\" \/>\n\t<meta property=\"og:image:width\" content=\"500\" \/>\n\t<meta property=\"og:image:height\" content=\"500\" \/>\n\t<meta property=\"og:image:type\" content=\"image\/png\" \/>\n<meta name=\"twitter:card\" content=\"summary_large_image\" \/>\n<meta name=\"twitter:label1\" content=\"Dur\u00e9e de lecture estim\u00e9e\" \/>\n\t<meta name=\"twitter:data1\" content=\"1 minute\" \/>\n<script type=\"application\/ld+json\" class=\"yoast-schema-graph\">{\"@context\":\"https:\/\/schema.org\",\"@graph\":[{\"@type\":\"WebPage\",\"@id\":\"https:\/\/dorratexplus.com\/?page_id=17\",\"url\":\"https:\/\/dorratexplus.com\/?page_id=17\",\"name\":\"Contact Us - dorratexplus\",\"isPartOf\":{\"@id\":\"https:\/\/dorratexplus.com\/#website\"},\"primaryImageOfPage\":{\"@id\":\"https:\/\/dorratexplus.com\/?page_id=17#primaryimage\"},\"image\":{\"@id\":\"https:\/\/dorratexplus.com\/?page_id=17#primaryimage\"},\"thumbnailUrl\":\"https:\/\/dorratexplus.com\/wp-content\/uploads\/2023\/02\/d-2.png\",\"datePublished\":\"2021-06-12T06:28:48+00:00\",\"dateModified\":\"2025-04-09T13:55:43+00:00\",\"description\":\"contactez-nous D\u00e9couvrez la plateforme dorratexplus. aider les pros du textile \u00e0 relocaliser leurs petites s\u00e9ries et grande quantit\u00e9\",\"breadcrumb\":{\"@id\":\"https:\/\/dorratexplus.com\/?page_id=17#breadcrumb\"},\"inLanguage\":\"fr-FR\",\"potentialAction\":[{\"@type\":\"ReadAction\",\"target\":[\"https:\/\/dorratexplus.com\/?page_id=17\"]}]},{\"@type\":\"ImageObject\",\"inLanguage\":\"fr-FR\",\"@id\":\"https:\/\/dorratexplus.com\/?page_id=17#primaryimage\",\"url\":\"https:\/\/dorratexplus.com\/wp-content\/uploads\/2023\/02\/d-2.png\",\"contentUrl\":\"https:\/\/dorratexplus.com\/wp-content\/uploads\/2023\/02\/d-2.png\",\"width\":500,\"height\":500},{\"@type\":\"BreadcrumbList\",\"@id\":\"https:\/\/dorratexplus.com\/?page_id=17#breadcrumb\",\"itemListElement\":[{\"@type\":\"ListItem\",\"position\":1,\"name\":\"Accueil\",\"item\":\"https:\/\/dorratexplus.com\/\"},{\"@type\":\"ListItem\",\"position\":2,\"name\":\"Contact Us\"}]},{\"@type\":\"WebSite\",\"@id\":\"https:\/\/dorratexplus.com\/#website\",\"url\":\"https:\/\/dorratexplus.com\/\",\"name\":\"dorratexplus\",\"description\":\"plateforme textile\",\"publisher\":{\"@id\":\"https:\/\/dorratexplus.com\/#organization\"},\"potentialAction\":[{\"@type\":\"SearchAction\",\"target\":{\"@type\":\"EntryPoint\",\"urlTemplate\":\"https:\/\/dorratexplus.com\/?s={search_term_string}\"},\"query-input\":{\"@type\":\"PropertyValueSpecification\",\"valueRequired\":true,\"valueName\":\"search_term_string\"}}],\"inLanguage\":\"fr-FR\"},{\"@type\":\"Organization\",\"@id\":\"https:\/\/dorratexplus.com\/#organization\",\"name\":\"dorratexplus\",\"url\":\"https:\/\/dorratexplus.com\/\",\"logo\":{\"@type\":\"ImageObject\",\"inLanguage\":\"fr-FR\",\"@id\":\"https:\/\/dorratexplus.com\/#\/schema\/logo\/image\/\",\"url\":\"https:\/\/dorratexplus.com\/wp-content\/uploads\/2023\/02\/d-2.png\",\"contentUrl\":\"https:\/\/dorratexplus.com\/wp-content\/uploads\/2023\/02\/d-2.png\",\"width\":500,\"height\":500,\"caption\":\"dorratexplus\"},\"image\":{\"@id\":\"https:\/\/dorratexplus.com\/#\/schema\/logo\/image\/\"}}]}<\/script>\n<!-- \/ Yoast SEO plugin. -->","yoast_head_json":{"title":"Contact Us - dorratexplus","description":"contactez-nous D\u00e9couvrez la plateforme dorratexplus. aider les pros du textile \u00e0 relocaliser leurs petites s\u00e9ries et grande quantit\u00e9","robots":{"index":"index","follow":"follow","max-snippet":"max-snippet:-1","max-image-preview":"max-image-preview:large","max-video-preview":"max-video-preview:-1"},"canonical":"https:\/\/dorratexplus.com\/?page_id=17","og_locale":"fr_FR","og_type":"article","og_title":"Contact Us - dorratexplus","og_description":"contactez-nous D\u00e9couvrez la plateforme dorratexplus. aider les pros du textile \u00e0 relocaliser leurs petites s\u00e9ries et grande quantit\u00e9","og_url":"https:\/\/dorratexplus.com\/?page_id=17","og_site_name":"dorratexplus","article_modified_time":"2025-04-09T13:55:43+00:00","og_image":[{"width":500,"height":500,"url":"https:\/\/dorratexplus.com\/wp-content\/uploads\/2023\/02\/d-2.png","type":"image\/png"}],"twitter_card":"summary_large_image","twitter_misc":{"Dur\u00e9e de lecture estim\u00e9e":"1 minute"},"schema":{"@context":"https:\/\/schema.org","@graph":[{"@type":"WebPage","@id":"https:\/\/dorratexplus.com\/?page_id=17","url":"https:\/\/dorratexplus.com\/?page_id=17","name":"Contact Us - dorratexplus","isPartOf":{"@id":"https:\/\/dorratexplus.com\/#website"},"primaryImageOfPage":{"@id":"https:\/\/dorratexplus.com\/?page_id=17#primaryimage"},"image":{"@id":"https:\/\/dorratexplus.com\/?page_id=17#primaryimage"},"thumbnailUrl":"https:\/\/dorratexplus.com\/wp-content\/uploads\/2023\/02\/d-2.png","datePublished":"2021-06-12T06:28:48+00:00","dateModified":"2025-04-09T13:55:43+00:00","description":"contactez-nous D\u00e9couvrez la plateforme dorratexplus. aider les pros du textile \u00e0 relocaliser leurs petites s\u00e9ries et grande quantit\u00e9","breadcrumb":{"@id":"https:\/\/dorratexplus.com\/?page_id=17#breadcrumb"},"inLanguage":"fr-FR","potentialAction":[{"@type":"ReadAction","target":["https:\/\/dorratexplus.com\/?page_id=17"]}]},{"@type":"ImageObject","inLanguage":"fr-FR","@id":"https:\/\/dorratexplus.com\/?page_id=17#primaryimage","url":"https:\/\/dorratexplus.com\/wp-content\/uploads\/2023\/02\/d-2.png","contentUrl":"https:\/\/dorratexplus.com\/wp-content\/uploads\/2023\/02\/d-2.png","width":500,"height":500},{"@type":"BreadcrumbList","@id":"https:\/\/dorratexplus.com\/?page_id=17#breadcrumb","itemListElement":[{"@type":"ListItem","position":1,"name":"Accueil","item":"https:\/\/dorratexplus.com\/"},{"@type":"ListItem","position":2,"name":"Contact Us"}]},{"@type":"WebSite","@id":"https:\/\/dorratexplus.com\/#website","url":"https:\/\/dorratexplus.com\/","name":"dorratexplus","description":"plateforme textile","publisher":{"@id":"https:\/\/dorratexplus.com\/#organization"},"potentialAction":[{"@type":"SearchAction","target":{"@type":"EntryPoint","urlTemplate":"https:\/\/dorratexplus.com\/?s={search_term_string}"},"query-input":{"@type":"PropertyValueSpecification","valueRequired":true,"valueName":"search_term_string"}}],"inLanguage":"fr-FR"},{"@type":"Organization","@id":"https:\/\/dorratexplus.com\/#organization","name":"dorratexplus","url":"https:\/\/dorratexplus.com\/","logo":{"@type":"ImageObject","inLanguage":"fr-FR","@id":"https:\/\/dorratexplus.com\/#\/schema\/logo\/image\/","url":"https:\/\/dorratexplus.com\/wp-content\/uploads\/2023\/02\/d-2.png","contentUrl":"https:\/\/dorratexplus.com\/wp-content\/uploads\/2023\/02\/d-2.png","width":500,"height":500,"caption":"dorratexplus"},"image":{"@id":"https:\/\/dorratexplus.com\/#\/schema\/logo\/image\/"}}]}},"jetpack_sharing_enabled":true,"_links":{"self":[{"href":"https:\/\/dorratexplus.com\/index.php?rest_route=\/wp\/v2\/pages\/17","targetHints":{"allow":["GET"]}}],"collection":[{"href":"https:\/\/dorratexplus.com\/index.php?rest_route=\/wp\/v2\/pages"}],"about":[{"href":"https:\/\/dorratexplus.com\/index.php?rest_route=\/wp\/v2\/types\/page"}],"author":[{"embeddable":true,"href":"https:\/\/dorratexplus.com\/index.php?rest_route=\/wp\/v2\/users\/1"}],"replies":[{"embeddable":true,"href":"https:\/\/dorratexplus.com\/index.php?rest_route=%2Fwp%2Fv2%2Fcomments&post=17"}],"version-history":[{"count":33,"href":"https:\/\/dorratexplus.com\/index.php?rest_route=\/wp\/v2\/pages\/17\/revisions"}],"predecessor-version":[{"id":1171,"href":"https:\/\/dorratexplus.com\/index.php?rest_route=\/wp\/v2\/pages\/17\/revisions\/1171"}],"wp:featuredmedia":[{"embeddable":true,"href":"https:\/\/dorratexplus.com\/index.php?rest_route=\/wp\/v2\/media\/6"}],"wp:attachment":[{"href":"https:\/\/dorratexplus.com\/index.php?rest_route=%2Fwp%2Fv2%2Fmedia&parent=17"}],"curies":[{"name":"wp","href":"https:\/\/api.w.org\/{rel}","templated":true}]}}